, 17
Suppose 0 = 4*i - 2*w - 262, 323 = 2*i + 3*i - w. Suppose -10 = 3*m + 2*m, 3*m + 166 = v. Let b = v - i. What are the prime factors of b?
2, 3
Let q(p) = 10*p + 95. Let r be q(-9). Suppose 2098 = r*l - l - 2*s, -3 = s. List the prime factors of l.
523
Suppose 105*c - 11568 = 3342. What are the prime factors of c?
2, 71
Let u = 15277 - 10206. What are the prime factors of u?
11, 461
List the prime factors of (7 + -27 - -36) + 33828.
2, 8461
Suppose -3*y - 34749 = -4*s, 56*s - 60*s + 34754 = -2*y. List the prime factors of s.
3, 2897
Let k = 627 - 1255. Let f = -310 - k. What are the prime factors of f?
2, 3, 53
Let g = 96 + -93. Let a(m) = 48*m**2 - 5*m - 3. What are the prime factors of a(g)?
2, 3, 23
Let u(p) = -p**2 - 2*p + 14. Let r be u(-4). List the prime factors of 33*(r - (-102)/18).
5, 7, 11
Let c = -22 + 29. Suppose -4*z + 3*r + c = 0, -2*r + 29 = 5*z + r. Suppose -4*q + 263 = q - z*w, 3*q + w - 151 = 0. What are the prime factors of q?
3, 17
Suppose -15936 = -5*k + 2*s, 7*s = k + 5*s - 3184. List the prime factors of k/4 + (-33)/11.
2, 397
Suppose 161*c + 4*v = 162*c - 7414, 22269 = 3*c - 3*v. What are the prime factors of c?
2, 47, 79
Let z(k) = -k**2 + 3*k + 193. Suppose 8 + 1 = o - 4*p, 14 = 3*o + p. Suppose 3*y = -o*h, 0 = 3*y - 7*y - 2*h. What are the prime factors of z(y)?
193
Suppose 86600 = 4*a + 4*l, a = -0*a + 5*l + 21674. Suppose -36*d = -a - 5310. List the prime factors of d.
7, 107
Let w(f) = 11*f - 19 - 2*f**2 - 3*f**2 + 0*f**2 + 4*f**2. Let q be w(7). Suppose -13*o + 144 = -q*o. What are the prime factors of o?
2, 3
Let n(u) = 11*u**2 - 30*u + 23. What are the prime factors of n(7)?
2, 11
Let i be 3/(1/(-30)*20/(-10)). What are the prime factors of 14/105 - (2 + (-40089)/i)?
7, 127
Suppose -3*z - 13994 = -s, -16 = -0*z + 4*z. What are the prime factors of s?
2, 6991
Let n = 314 + -330. What are the prime factors of 7/(6/n + 4030/10640)?
2, 7, 19
Suppose 4*u = -2*b - 10, 2*u - 6*u + 25 = -5*b. Suppose u = 7*h - 26 - 16. Suppose 0 = -7*m + h*m + 151. What are the prime factors of m?
151
Let j = -121 - -116. What are the prime factors of (-610)/j - (-1 + 3 + 0)?
2, 3, 5
Let w(i) = i**3 - 18*i**2 + 16*i + 23. Let n be w(17). Suppose -7*j = -n - 1. List the prime factors of j/(5/(53 - -2)).
11
Suppose -m - 9 = -3*q, m = -m + 3*q - 18. Let i be (-260 - m)*2/(-2). Suppose -4*o + 2*j + 226 = 0, -4*o - 3*j = -0*o - i. List the prime factors of o.
59
What are the prime factors of (109700/(-15))/(((-1)/3)/(42/28))?
2, 3, 5, 1097
Let b(y) = 6*y**2 - 10*y**2 - 11*y - 172 + 6*y**2 + 29*y - y**2. List the prime factors of b(-31).
3, 7, 11
Suppose -10*l + 5*l = -2*w - 15241, -3*l + 9137 = -5*w. Suppose -8*a + 6735 = -l. List the prime factors of a.
1223
Let v = -10371 - -20997. What are the prime factors of v?
2, 3, 7, 11, 23
What are the prime factors of 28/63 + 226614/54?
3, 1399
Suppose -60632 - 239491 = -48*f - 68139. List the prime factors of f.
3, 179
Let j(z) = 3*z - 24. Let b be j(8). Suppose b = d - 5*t + 19 - 45, 4*t = 4*d - 184. What are the prime factors of 339/7 + d/(-21) + 3?
7
Let f(j) = 3*j**3 - 52*j**2 + 28*j + 19. What are the prime factors of f(33)?
2, 67, 389
Let c(f) = -f**3 + 5*f**2 - 5*f + 3. Let l = 48 + -46. Let t be c(l). Suppose 0 = -o - 4*h - 12 - 0, t*h + 25 = 0. What are the prime factors of o?
2
Let m(i) = i + 121. Let p be m(27). Suppose -2*g = -3*l + p, -3*l = -4*l - 5*g + 38. List the prime factors of l.
2, 3
Let h(f) = 70*f**3 + f**2 + f - 1. Let t be h(1). Let v = 41 - t. Let g = 142 + v. List the prime factors of g.
2, 7
Suppose -24902 = -3*y - 4*w, 9882 - 43118 = -4*y + 3*w. List the prime factors of y.
2, 4153
Let j(x) = -2*x - 21. Let c be j(-12). Let b(m) = -m**2 - m**c - 2*m + m**2 + 11 - 6*m**2. List the prime factors of b(-8).
5, 31
Let r = -575 - -331. Let d = -149 - r. What are the prime factors of d?
5, 19
Suppose 2*f = b + 45089, -3*b = f - 26968 + 4420. What are the prime factors of f?
3, 5, 167
Suppose a = -x + 2*x - 28, 0 = -2*x - 3*a + 76. What are the prime factors of (x + (-7)/(-1))/(1/21)?
3, 7, 13
Let o(j) = -24*j - 118. Let m be o(-5). Let r be (1 + 0)/(2/118). Let t = r + m. What are the prime factors of t?
61
Suppose -3*g - 4 + 28 = 0. Let o be 66/g + -3 + 1/(-4). Suppose -2*d = 3*l + l - 246, d - 137 = o*l. What are the prime factors of d?
127
Suppose -197*r + 205*r - 78952 = 0. List the prime factors of r.
71, 139
Suppose -5*c - n = -4896, 3*n = -12 - 0. List the prime factors of (-3)/((-3)/c) + (10 - 15).
3, 5, 13
What are the prime factors of (-3832)/6*5*1683/(-660)?
17, 479
Let i(j) = 188*j - 806. List the prime factors of i(10).
2, 3, 179
Let t(y) = 5*y**2 - 1. Let w be t(-2). Let q(b) = 3*b**2 + 78*b + 428. Let g be q(-18). List the prime factors of ((-14)/g)/(w/76).
2, 7
Let k(l) = 2*l**3 + 31*l**2 - 2*l - 141. What are the prime factors of k(-13)?
2, 5, 73
Suppose -262782 = 89*g - 347570 - 365997. List the prime factors of g.
5, 1013
Suppose 15 = -3*g + 48. Let m(p) = p + 8. Let w be m(g). Suppose w*k - 16*k - 366 = 0. What are the prime factors of k?
2, 61
Suppose 4*j - 1 = 3*j, 0 = -2*i + j + 7. Let n = -9167 - -9315. What are the prime factors of (-37)/n - (-1 + (-1161)/i)?
3, 97
Suppose -15*x + 4*x + 183006 = -5*x. List the prime factors of x.
3, 3389
Suppose -2*j = -3*j + 2. Suppose 2*i + 2 = f - j*f, -f = 3*i + 4. Let a(t) = -109*t + 4. List the prime factors of a(i).
2, 3, 37
Let l be (16 - 14)*3/2. Suppose 0 = -l*w + 9, -5*p + 3*w = -w - 3188. List the prime factors of p.
2, 5
Let t = 9 - 8. Let w be (0 + 0)/t + (-5 - -5). Suppose w = 2*u - 8*u + 18. List the prime factors of u.
3
Let o(s) = -75*s - 1. Suppose 0 = 2*u + 7*u + 162. Let d be 40/u - 7/(189/(-6)). List the prime factors of o(d).
149
Let p = 19946 + -10600. What are the prime factors of p?
2, 4673
Let a = 313 - 311. Suppose 10*q - 727 = -a*t + 5*q, t + 5*q - 366 = 0. What are the prime factors of t?
19
Let q(w) = -w**3 + w**2 + w - 1. Let f(h) = -7*h**3 - 5*h**2 - 16*h - 34. Let l(b) = f(b) - 6*q(b). List the prime factors of l(-10).
2, 23
Let c(d) = 183*d + 311. What are the prime factors of c(54)?
10193
Let z = 471 + 704. Suppose -z = -n - 4*n. What are the prime factors of n?
5, 47
Let d be 12/36 + 230/3. Suppose d*u = 85*u - 7824. List the prime factors of u.
2, 3, 163
Let m(o) = -11*o - 8. Let l = 44 + -33. Suppose -10*h - l - 29 = 0. List the prime factors of m(h).
2, 3
List the prime factors of 11364/(-3)*((-1197)/36)/19.
7, 947
Suppose q + 3*p - 16367 = 0, -22*q + 5*p - 49077 = -25*q. What are the prime factors of q?
16349
Suppose 5*w + 5*u - 98930 = 0, -6*w - 4*u = -4*w - 39568. Suppose 33*q - w = 16*q. List the prime factors of q.
2, 3, 97
Let n = -54 + 108. Suppose 0 = -n*m + 69*m - 7005. List the prime factors of m.
467
Let r(m) = -375*m + 4. Let c be r(-2). Suppose -b = b - c. Suppose 3*g - 379 = -2*g - 4*i, -5*g - 2*i + b = 0. What are the prime factors of g?
3, 5
Let j(x) = 13*x**3 + 34*x**2 - 143*x - 26. List the prime factors of j(9).
2, 53, 103
Suppose c + 5*p = 65, 259 = 5*c + 5*p - 6. Let t = c - 25. List the prime factors of t.
5
Let i = 277 + -222. List the prime factors of (-80)/2*i/(-10).
2, 5, 11
Let z(b) = b**2 - 7*b - 6. Let p be z(-1). Suppose -p*d = -3413 - 1055. Suppose -d = -11*i + 527. What are the prime factors of i?
251
Suppose -88*s - 33*s = 8712. Suppose 2*g = 130 + 56. Let y = g + s. What are the prime factors of y?
3, 7
Let c = 1753 + -1024. What are the prime factors of c?
3
Let c(i) = -391*i - 14. Let b(t) = 389*t + 12. Let l(y) = 6*b(y) + 7*c(y). List the prime factors of l(-2).
2, 3, 5, 13
Suppose -1092 = 438*y - 440*y. Suppose -3*t - n + 794 = 0, -t + 4*n - y = -3*t. What are the prime factors of t?
263
Suppose 5*p - 1043 = p - 5*f, -3*p + 3*f + 816 = 0. Let l = p + -122. Let d = -8 + l. What are the prime factors of d?
137
Suppose 2*y - 3*y = 0. Suppose 0 = -p + 3*w - 1, -w = -2*p - y + 3. What are the prime factors of p*(276/8)/3?
23
Suppose 7*p - 10 = 2*p. Suppose p*f = -4*f - 12. What are the prime factors of (-188)/f + 0/(-10)?
2, 47
Let l be 84/231*22/2. Let j(h) = -h**3 + 4*h**2 + 2*h + 7. Let m be j(5). What are the prime factors of 1521/6*(m/(-3))/l?
13
Let d(z) = -2*z**2 + z + 280. Let s be d(0). List the prime factors of (s/(-120))/((-